i + 5*x + 434. Suppose 3*f - i = v. Is f composite?
False
Is (-6678436730)/(-7790) - (-4)/82 composite?
False
Let n = -387655 - -630566. Is n composite?
False
Let t(c) = -c**2 - 8*c - 2. Let v be t(-7). Let u(z) = 5*z**3 - 6*z**2 - 6*z - 2. Let r be u(v). Suppose -w - r = -2*w. Is w a composite number?
False
Let q(p) = -p**3 + 121*p**2 - 365*p + 409. Is q(116) a composite number?
False
Suppose 59841 + 79845 = 6*y. Is y composite?
True
Let v(h) = 870*h + 2588*h - 386 + 377. Is v(1) a prime number?
True
Suppose 2*r - 51102 - 17722 = 0. Let f = r - 18157. Is f composite?
True
Let s(q) = 156*q**2 - 26*q - 73. Is s(-9) a prime number?
False
Let s be 215/(-6) + 3/(-18). Suppose -6*l - 12 = -7*l. Is (l/(-9))/(16/s)*67 a composite number?
True
Let p(j) = -2*j**3 - 2*j**2 + 9*j - 69. Let z be p(-16). Let o = z - -5986. Is o a prime number?
False
Let t = 1 - -1. Let y be -398*(2/4 - t*1). Let b = 1170 - y. Is b a composite number?
True
Suppose 7*i - 9044 - 31570 = 0. Suppose 39*w - i = 33*w. Is w a prime number?
True
Let d = -106679 + 190414. Is d composite?
True
Let z be 1/8 - 1/8. Suppose 5*g + 2*t - 5653 + 670 = z, 0 = -2*t - 2. Is g a prime number?
True
Let u be ((-9)/(54/(-12)))/(4/(-2514)). Let n = u - -1778. Suppose 90 = z - n. Is z a composite number?
True
Let u(m) be the second derivative of 19/4*m**5 + 0 + 17*m - 3/2*m**2 + 1/3*m**3 + 0*m**4. Is u(2) a prime number?
True
Suppose -14 = -3*v + 4*w, 0*w - w + 44 = 4*v. Suppose 2*a - v = o, -4 = -4*a + 5*o + 16. Suppose a*g = -2*g + 2037. Is g a prime number?
False
Suppose -7*b = -2*c - 4*b + 10, 5*b = -3*c - 23. Let f be c/((-5)/(-2) - 3). Is 109 - -2*(f - 1) composite?
True
Let t = -2384 + 2388. Let j = 12 + 4. Is (t/(-2))/(j/(-27352)) prime?
False
Let s(l) = -341*l - 22. Let k(o) = -2*o - 2. Let r(d) = -22*k(d) + s(d). Is r(-3) a composite number?
True
Suppose -d - 2*l + 576092 = 114485, -461619 = -d - 5*l. Is d a composite number?
False
Let k(m) = 4*m - 4*m - m + 2 - m**2 - 1. Let f(r) = 316*r**2 - 7*r + 3. Let n(u) = f(u) - 6*k(u). Is n(2) composite?
False
Is 354642037/9228 + 2/4*(-2)/12 prime?
True
Let f be (-3)/(0 + -6) + 53/2. Let s = -47 + f. Let w(k) = -98*k - 33. Is w(s) prime?
False
Suppose 302*w - 28780844 = 105*w - 87*w. Is w composite?
False
Suppose -2*h = 6, -3323614 = -3*o - h - 1107934. Is o a composite number?
True
Suppose -2442*o - 4*r = -2447*o + 1737339, 0 = -5*o - 5*r + 1737330. Is o a prime number?
False
Is (3053555/(-870))/((-2)/12) prime?
True
Let j = -1059004 - -1673055. Is j composite?
False
Let d = -942068 - -2096749. Is d a composite number?
True
Suppose -4324845 = -1702*n + 1687*n. Is n prime?
False
Let v be ((-12)/(-16))/(-1)*-8. Suppose -7*y + 29 + v = 0. Suppose -y*s - 4*o = -9*o - 615, 5*s + 4*o = 651. Is s prime?
True
Let z(j) = -448*j + 45. Suppose -3*p = -5*o - 55, 41 = -2*o + p + 4*p. Is z(o) composite?
True
Let d = 1953 - 4236. Let r be ((-165)/9)/5*d. Suppose r = 17*i - 4974. Is i a prime number?
False
Let x(g) = -g**3 + 15*g**2 - 14*g + 38. Let t be x(16). Let o = -251 - t. Is o a composite number?
False
Suppose -26*v + 4*v = 29*v - 9121503. Is v a prime number?
True
Suppose -d + 3*d = 3*r - 36209, 0 = 3*r + 2*d - 36217. Is r prime?
True
Suppose -c = -2*u - 5, 3*u = -2*c + 9 - 6. Let b be (-14)/(-6) + 4/6. Suppose d = -c*d + 5*q + 1551, d - b*q = 386. Is d a prime number?
True
Suppose 13*q = 24*q - 55. Suppose 3*f + 5*i - 19858 = -364, -5*i + 32500 = q*f. Is f a prime number?
False
Let t(c) = 3079*c - 1941. Is t(10) a composite number?
True
Let c(w) = 22*w**2 - 8*w - 9. Let p be c(-1). Suppose -p*g - 16148 = -25*g. Is g prime?
False
Let c = -76 - -82. Suppose -x + c = 3*j - 2*x, j + 2*x = 9. Suppose -2*h = j*r - 7*h - 4201, r - h - 1399 = 0. Is r composite?
True
Let l(g) = -g**3 - 14*g**2 + 5*g + 7. Let h be l(-17). Suppose -5*b + 2041 + h = 0. Suppose -3*f = -b - 43. Is f a prime number?
False
Let i = 126227 - 70378. Is i prime?
True
Is (512/28)/(-32) - 375617/(-7) composite?
True
Let o(s) = s**3 + s**2 - 42. Let i be o(0). Let k be 28/i*-1*3*1. Suppose -k*j + 5*w = -378 - 1041, -4*j + 2*w = -2830. Is j prime?
False
Suppose 0*i + 5 = i. Suppose -12*j - 188475 = -i*j. Is j/(-35) + (-2)/7 a prime number?
True
Let b = -20 - -8. Is (-6)/b*(5*155 + 3) prime?
True
Let p = -412471 + 1006590. Is p composite?
False
Suppose -1290118 = -5*l - 2*j, -39*j = -40*j + 4. Is l a prime number?
False
Let g(m) = m**3 - 5*m**2 - m + 5. Let r be g(5). Suppose t - 3*c = 5629, t + r*c = 2*c + 5625. Is t a prime number?
False
Suppose z = 13*z + 62868. Let u = -1957 - z. Suppose -2*k = 4*f - 0*k - u, 2*f - k - 1643 = 0. Is f prime?
True
Let r(d) = 30*d**2 + 186*d - 43. Let a(n) = 91*n**2 + 557*n - 129. Let q(y) = 6*a(y) - 17*r(y). Is q(-29) prime?
True
Let o(z) = z**2 - 20*z + 88. Let h be o(8). Let j(s) = 494*s**2 + 6*s - 99. Is j(h) a prime number?
True
Let q(d) = -d**2 - 8*d - 13. Let y be q(-3). Suppose 0 = y*f + 9*f + 176. Let s(v) = 3*v**2 + 22*v - 7. Is s(f) composite?
False
Let o(d) = 1760*d**2 - 39*d - 24. Is o(-5) a prime number?
True
Suppose -4*l = -42 + 34. Suppose -l*s + 1400 = 3*s. Suppose 5*k - s = -5*q, 2*k + 5*q - 4*q = 111. Is k a composite number?
True
Let t(s) = 17655*s - 11737. Is t(46) a prime number?
False
Let f(v) = -v**3 + 36*v**2 + 4*v + 3. Let y be f(10). Let l = -1172 + y. Is l composite?
False
Suppose -17730878 = -95*a + 7*a + 2*a. Is a a composite number?
True
Let f(d) = 42*d**2 + 686*d - 43. Is f(63) composite?
True
Let g(m) = -694*m + 501. Is g(-50) composite?
False
Let w(h) = 23285*h + 634. Is w(29) a composite number?
True
Let h be (-1)/(36/(-2372)) - 8/(-72). Suppose 20 = 5*d, h*o - d - 53041 = 61*o. Is o a composite number?
True
Let s(i) = -148*i - 20. Let a be s(-6). Suppose u = -5*c + 2399, 5*c + 3*u - a = 1529. Let z = c + 155. Is z prime?
False
Let x = -270371 + 520584. Is x composite?
True
Let y = -592 - -668. Suppose -20312 = -4*s - 2*k, -k = -74 + y. Is s prime?
False
Let y = -286 - -170. Suppose 3*j + 163 = -5*v, -5*j - 145 = -5*v + 180. Let x = j - y. Is x prime?
False
Suppose 229*w - 2*z - 21133 = 226*w, -5*w = -2*z - 35223. Is w a composite number?
True
Let b(k) = -k**3 - 8*k**2 - 6*k + 28. Let l be b(-6). Is (3 - 167)*(-2)/(l/(-269)) composite?
True
Let g = 196332 + -133231. Is g composite?
True
Let w(c) = c**3 - 10*c**2 + 16*c - 17. Let z be w(8). Let g(p) = -p**3 - 15*p**2 + 34*p - 12. Let k be g(z). Is 2/4 + -6 + (-11742)/k prime?
False
Let w(f) = 6818*f**2 - 145*f + 591. Is w(4) a prime number?
False
Let j be 9 - 16 - (-4)/1. Let u(q) = -786*q**2 - 8*q - 2. Let a be u(j). Let d = 685 - a. Is d a composite number?
True
Is ((7/105)/(2/(-1165415)))/((-6)/36) a composite number?
False
Suppose -80 = -5*q - 5*q. Let f be 2 - 10/q - (-9663)/12. Suppose 4*b = 2*j - f, 5*b - 9 = 1. Is j a composite number?
True
Is (-670671)/(-9) + (-2*(-10)/(-4) - -7) a prime number?
True
Suppose 10 = 2*v - 5*t - 20, -5*v + t + 29 = 0. Suppose -n + 5 = z - 3*z, n - v*z - 14 = 0. Is (-4299 + n)/(-2) - (8 - 11) prime?
True
Suppose 0 = -11*l + 28*l + 8755. Let n = l + 2058. Is n a composite number?
False
Let i = -341 - -340. Let l(s) = -8 + 5 - 4740*s + 2. Is l(i) a prime number?
False
Let z be 4*(-15)/10*(-4)/6. Suppose 2*y = -z*l + 8398, 2*y + 2*l - 6*l - 8390 = 0. Is y composite?
True
Let u(g) = 314*g + 2. Let q be u(-6). Let i = -4333 + 7684. Let a = q + i. Is a a composite number?
True
Let f = 59 + -57. Suppose f*c - 10918 = -4*g, 16379 = -17*c + 20*c + 4*g. Is c a prime number?
False
Let o(q) = 79*q**3 + 5*q**2 - 4*q - 6. Let w(c) = -81*c**3 - 4*c**2 + 3*c + 5. Let f(x) = -2*o(x) - 3*w(x). Is f(2) a prime number?
True
Suppose -5*u - 463986 = -3*k, 4*k - u = 258245 + 360386. Is k a prime number?
False
Let t be -10*(-5 - (3 - (-53991)/6)). Is 6/(-27) + t/9 composite?
False
Let p(r) = -4*r - 2. Let y be p(-1). Let x(v) = -4*v + 3*v**y + 2*v**2 + 3*v + 8*v + 17 - 2*v**3. Is x(-6) a prime number?
True
Let m(d) = 5564*d**2 + 27*d + 45. Is m(-2) composite?
False
Let v(c) = 9306*c**2 - 5*c + 3. Is v(2) a composite number?
False
Let n = -416739 + 788906. Is n a prime number?
True
Let l(a) be the first derivative of a**4/2 + 23*a**3/3 + 13*a**2/2 + 24*a + 31. Let n be l(-11). Suppose -4*b = -r - 1674, -b + 72 = n*r - 351. Is b prime?
True
Suppose 15*w - 24*